mon factor of 18 and v?
18
Let l = -18 + 6. Let u = l - -2. Let b = -5 - u. What is the greatest common divisor of b and 35?
5
Let o(h) be the third derivative of 0 + 0*h**3 + 0*h**5 + 0*h**4 - 2*h**2 - 1/15*h**6 + 0*h. Let j be o(-1). What is the highest common divisor of j and 40?
8
Suppose 0 = -4*s - 0*s + 144. Suppose 0*w + 4*w = s. Calculate the highest common factor of w and 99.
9
Suppose -116 = -2*a + 5*r, 0*a + 76 = 2*a + 5*r. What is the greatest common factor of 6 and a?
6
Let k(s) = -s**3 + 6*s**2 + 1. Let r be k(6). Suppose 4*h = 7*h - 9. Let y be (3 + h)*(r - -1). Calculate the highest common divisor of y and 36.
12
Let g(k) = -4*k + 5. Let j be g(-2). Calculate the greatest common factor of j and 65.
13
Let s(r) = r**3 - 10*r**2 + r - 9. Let y be s(10). Let v be ((-2)/y)/((-5)/25). What is the highest common divisor of 10 and v?
10
Suppose 2*y - 2 = y. Suppose d = -4*k + y*k + 71, k - 33 = -3*d. Suppose -5*f + k = -19. What is the greatest common divisor of f and 22?
11
Suppose -q - 2*q = -72. Let z be (-4)/(-14) - (-52)/14. Suppose -3*l = -13 + z. Calculate the greatest common factor of q and l.
3
Let h(p) = 34*p + 7. Let i be h(5). Let y be i + 1 - 20/(-10). What is the highest common divisor of y and 20?
20
Let o be 1/4 - 7/(-4). Suppose 0 = -f + c + 20, -7*f - 3*c + 100 = -o*f. Calculate the greatest common divisor of f and 10.
10
Let v = 63 + 9. Calculate the highest common divisor of v and 9.
9
Suppose -2*a + 0*a + 20 = 0. Let u be (-2 - -8)*a/4. Suppose 0 = r - 3*r + 150. Calculate the highest common factor of u and r.
15
Suppose 0 = 3*m - 4*m. Let l be 3 - (m - 2)/(-2). Calculate the highest common factor of 5 and l.
1
Suppose 5*o + 92 = 4*k, k - 8 = 2*o + 18. Calculate the greatest common divisor of 9 and k.
9
Suppose 6*a = a + 120. Calculate the highest common divisor of 12 and a.
12
Let w = -17 + 16. Let x(g) = 9*g**2. Let u be x(w). Calculate the highest common divisor of u and 99.
9
Let j(b) = -b**3 - 3*b**2 - b - 5. Suppose 0 = q + 4*q + 20. Let y be j(q). What is the highest common factor of 105 and y?
15
Let p(a) = -a**2 + 5*a + 8. Let h be p(4). What is the greatest common divisor of h and 4?
4
Let r be 2*(28 - -1) - -2. Suppose -4*p = -r + 4. What is the greatest common factor of 28 and p?
14
Let o be (-24)/(-3 - -1*2). Suppose 4*g = -0*g + o. Suppose -g*h + h + 49 = 4*v, v - h - 10 = 0. Calculate the highest common divisor of v and 44.
11
Suppose 4*i = -3*u + 132, 5*i - 164 = -2*u - 2*u. Suppose 6 = -5*j + 6*j. Calculate the greatest common divisor of i and j.
6
Let z = 5 - 9. Let p be (9/(-4) - -1)*z. Suppose 0 = -3*o - 4*t + 308, -213 = -p*o + 3*t + 310. Calculate the highest common divisor of o and 13.
13
Let u be ((-9)/(-6))/((-2)/12). Let c = u + 15. Let i be (-2)/(-3)*-3 + 4. Calculate the greatest common factor of i and c.
2
Let a = 13 + -8. What is the highest common divisor of a and 20?
5
Let n be ((-40)/(-6))/(2/6). Let h(v) = 6*v**2 - 2*v + 0*v + v + 0*v. Let c be h(1). Calculate the highest common divisor of c and n.
5
Let r = -78 - -142. Calculate the greatest common factor of r and 8.
8
Suppose -2*c + 5*t - 34 = -90, -c = 2*t - 10. Let w = c - 9. What is the highest common factor of w and 9?
9
Let u(x) = -3*x + 9. Let i(s) = -4*s + 13. Let z(b) = -5*i(b) + 7*u(b). Let c be z(-8). Suppose -3*o = 2 - 11. Calculate the greatest common factor of c and o.
3
Let r(i) = 221*i**3 - i. Let x be r(1). Let c be ((-4)/5)/(2/(-50)). Calculate the highest common factor of c and x.
20
Suppose -3*x + x = -52. Suppose -f = 2*b + 3*f - x, -2*f = -8. Suppose 12 = 3*l - 48. Calculate the greatest common factor of l and b.
5
Let i(b) = -2*b**2 + 0*b + b + b - b + 121*b**3. Let q be i(1). What is the highest common divisor of 15 and q?
15
Let l be 26*5/10 - -2. Let h = 4 - 1. Suppose 0 = -h*c - 4*i + 49, -4 = -c + 5*i + 6. What is the highest common factor of c and l?
15
Let h(v) = v - 2. Let x be h(-4). Let c = -2 - x. Calculate the greatest common factor of c and 16.
4
Let p be 1 + 10 + (1 - 0). Let s be (2 - (-3 + 3))/1. What is the highest common divisor of s and p?
2
Suppose -3*l = -4*a + 42, -2*a + 3*a - 5 = -2*l. Let o be 1/3 + 213/a. Let f be o*(5/3)/5. Calculate the greatest common factor of 4 and f.
4
Let t be ((-4)/12)/(2/66). Let d = t + 31. What is the greatest common factor of 4 and d?
4
Let f = -136 - -271. What is the highest common divisor of f and 15?
15
Let m = -92 - -162. What is the greatest common divisor of 28 and m?
14
Let o = 1 + 89. What is the greatest common factor of 36 and o?
18
Let l be (-4)/(-18) + 574/9. Let m be (-6)/(4 + -6) - -13. Calculate the highest common factor of m and l.
16
Suppose 2*l - 848 = -5*h + 4*l, 2*h - 3*l = 348. Calculate the greatest common divisor of h and 21.
21
Let c = 23 + -10. Suppose -42 = -4*n - 14. Let y = n + 19. What is the highest common divisor of c and y?
13
Let f = 4 - 0. Suppose u + f - 54 = 0. Let r = -1 + 11. What is the highest common divisor of u and r?
10
Let m = 20 + -4. What is the greatest common divisor of 1 and m?
1
Let o(a) be the second derivative of -a**4/12 - 5*a**3/6 - 3*a**2 - 2*a. Let b be o(-5). Let t = b - -14. What is the highest common factor of t and 2?
2
Suppose 4*m - 5*g + 349 = 0, -m - 70 + 9 = 4*g. Let n = -33 - m. What is the highest common factor of n and 16?
16
Let o be (72/(-14))/(3/(-14)). Suppose -3*j + 792 = -2*c, -2*j + j - 5*c + 264 = 0. What is the highest common factor of j and o?
24
Let h be 1636/12 - (-2)/(-6). What is the greatest common factor of h and 17?
17
Let l = 7 - 12. Let c = 6 + l. Suppose -j - 15 = -0*j + 4*b, b = -5. Calculate the greatest common divisor of c and j.
1
Let j(w) = -w**2 - 3*w - 1. Let p be j(-3). Let g be ((-1)/p)/(4/48). Calculate the greatest common divisor of g and 48.
12
Suppose -2*b - 2*b = -240. Let d be 57/5 - (-6)/10. What is the greatest common divisor of d and b?
12
Suppose 0 = 3*o - 0 - 3. Let d = o + 1. Suppose 4*u - 3 = -2*n - u, -n - 2*u + 4 = 0. What is the greatest common divisor of d and n?
2
Suppose f = -5*n + 110, -n - 5 = -f - 21. Let s = -13 - -19. Let d = n - s. What is the greatest common divisor of d and 105?
15
Let q = -69 - -133. Calculate the greatest common factor of q and 8.
8
Let s = -9 - -13. Suppose s*o - 46 - 50 = 0. Calculate the highest common divisor of 12 and o.
12
Let r = -8 + 24. Let k = 190 + -46. What is the highest common factor of r and k?
16
Suppose -5*h + 18 = -152. What is the highest common factor of 204 and h?
34
Suppose 6 = -3*r + 36. Let i be ((-45)/12)/(3/(-56)). What is the highest common divisor of r and i?
10
Suppose 2*k - 111 = k + 3*p, -5*p = 2*k - 167. What is the highest common divisor of k and 24?
24
Let y(d) = 3*d - 3 - 2*d + d + 1. Let s be y(3). Calculate the highest common factor of s and 8.
4
Let k(l) = -l**2 + 11*l - 10. Let n be k(7). What is the greatest common factor of n and 12?
6
Suppose 0*i - 2*u - 20 = -3*i, -5*i = -2*u - 28. Suppose 4*d - 3*y = 99, -3*d - 17 + 93 = -i*y. What is the greatest common divisor of 36 and d?
12
Suppose -3*g = -4*g + 34. What is the highest common divisor of g and 17?
17
Suppose -3*h + 23 = u, -1 + 46 = 5*h + 3*u. Let q(a) = -11*a - 1. Let y be q(-5). Let j be y/(-4)*h/(-9). Calculate the greatest common factor of 72 and j.
9
Let y be 3688/28 + 4/14. Let c = -29 - -41. What is the greatest common divisor of c and y?
12
Let z(r) = 2*r**3 - r**2 - r + 1. Let a be z(1). Let w(d) = 13*d**3 - d**2 - d + 1. Let g be w(a). Calculate the greatest common divisor of g and 12.
12
Let t = 57 - -12. What is the greatest common divisor of t and 3?
3
Let v = -4 + -2. Let f be (15/v)/((-2)/12). What is the highest common divisor of 10 and f?
5
Let a = 2 + 22. Calculate the greatest common factor of 60 and a.
12
Suppose -45 = -4*i - i + 5*r, -5*i + 15 = 5*r. Suppose -3*y + y + d + 27 = 0, 4*y - 51 = d. Suppose -b - b = -y. What is the greatest common divisor of i and b?
6
Suppose -r = -m + 16, 0 = -m - 0*r - 3*r. Calculate the greatest common divisor of m and 48.
12
Let j(s) = 2*s + 4. Let k be j(7). Calculate the highest common divisor of 9 and k.
9
Let a be (4/15*-3)/(2/(-70)). Suppose -3*n + 5*n + 2*z - 20 = 0, n = -3*z + 16. What is the highest common factor of a and n?
7
Suppose 11*k - 1569 + 23